49?
False
Is 14 a factor of 117111?
False
Is 143 a factor of 13871?
True
Does 27 divide 8046?
True
Does 18 divide 14962?
False
Is 13164 a multiple of 74?
False
Does 237 divide 57117?
True
Does 92 divide 2852?
True
Is 14 a factor of 3986?
False
Does 15 divide 1738?
False
Is 5 a factor of 4266?
False
Is 97 a factor of 9253?
False
Is 29 a factor of 5912?
False
Is 3740 a multiple of 20?
True
Does 155 divide 19803?
False
Does 14 divide 26241?
False
Is 12 a factor of 506?
False
Is 6342 a multiple of 29?
False
Is 66 a factor of 9702?
True
Does 169 divide 7774?
True
Is 5 a factor of 668?
False
Is 401 a factor of 90626?
True
Does 36 divide 51372?
True
Is 38 a factor of 100878?
False
Is 17 a factor of 1237?
False
Is 1744 a multiple of 16?
True
Is 669 a multiple of 3?
True
Does 28 divide 5288?
False
Is 13200 a multiple of 66?
True
Is 33 a factor of 11088?
True
Is 6903 a multiple of 52?
False
Is 275 a multiple of 5?
True
Is 58 a factor of 12296?
True
Is 12 a factor of 193?
False
Is 4655 a multiple of 116?
False
Is 71957 a multiple of 25?
False
Is 2397 a multiple of 17?
True
Is 44 a factor of 1188?
True
Does 60 divide 3600?
True
Is 22444 a multiple of 124?
True
Is 12 a factor of 3951?
False
Is 8792 a multiple of 56?
True
Is 12749 a multiple of 11?
True
Is 8 a factor of 7004?
False
Does 3 divide 2376?
True
Is 72 a factor of 1327?
False
Is 3 a factor of 3420?
True
Is 18 a factor of 34182?
True
Does 6 divide 72?
True
Is 11161 a multiple of 4?
False
Is 16356 a multiple of 47?
True
Is 11424 a multiple of 68?
True
Is 24 a factor of 31176?
True
Is 24238 a multiple of 42?
False
Is 12 a factor of 38412?
True
Does 5 divide 485?
True
Is 96 a multiple of 12?
True
Is 4 a factor of 20172?
True
Does 18 divide 13284?
True
Is 3770 a multiple of 11?
False
Does 5 divide 4570?
True
Is 5 a factor of 129?
False
Does 2 divide 842?
True
Does 16 divide 464?
True
Does 3 divide 4875?
True
Is 44 a factor of 54173?
False
Is 4 a factor of 6303?
False
Does 2 divide 102?
True
Does 38 divide 1038?
False
Is 25686 a multiple of 173?
False
Is 21715 a multiple of 12?
False
Is 11 a factor of 307?
False
Is 13 a factor of 17?
False
Is 14 a multiple of 7?
True
Does 45 divide 810?
True
Is 15 a factor of 2955?
True
Is 32 a factor of 2496?
True
Is 33750 a multiple of 45?
True
Does 17 divide 36555?
False
Is 8 a factor of 2044?
False
Is 23832 a multiple of 24?
True
Does 7 divide 87?
False
Is 214 a factor of 47936?
True
Does 81 divide 48924?
True
Is 4387 a multiple of 57?
False
Is 6794 a multiple of 43?
True
Is 23 a factor of 150819?
False
Does 94 divide 61382?
True
Is 154 a multiple of 7?
True
Does 9 divide 385?
False
Is 6 a factor of 2337?
False
Is 720 a multiple of 15?
True
Does 26 divide 2262?
True
Is 53 a factor of 22154?
True
Does 130 divide 57590?
True
Is 4 a factor of 70?
False
Does 12 divide 7479?
False
Is 32 a factor of 1012?
False
Does 9 divide 488?
False
Is 15617 a multiple of 10?
False
Is 6396 a multiple of 58?
False
Does 69 divide 22966?
False
Is 34 a factor of 6732?
True
Does 58 divide 20358?
True
Is 18 a factor of 16798?
False
Is 2455 a multiple of 14?
False
Is 7241 a multiple of 51?
False
Is 1314 a multiple of 9?
True
Is 9485 a multiple of 5?
True
Is 33151 a multiple of 17?
False
Is 3 a factor of 3129?
True
Is 31142 a multiple of 113?
False
Is 12 a factor of 887?
False
Is 236 a factor of 15083?
False
Does 50 divide 698?
False
Is 1800 a multiple of 60?
True
Is 440 a multiple of 8?
True
Does 15 divide 6280?
False
Is 649 a multiple of 57?
False
Does 52 divide 13315?
False
Does 4 divide 519?
False
Is 5892 a multiple of 12?
True
Is 247 a multiple of 19?
True
Is 15104 a multiple of 128?
True
Does 55 divide 4569?
False
Does 23 divide 1058?
True
Is 4 a factor of 9?
False
Does 202 divide 52722?
True
Does 22 divide 6534?
True
Is 1572 a multiple of 3?
True
Does 13 divide 21229?
True
Is 21496 a multiple of 8?
True
Is 22 a factor of 7304?
True
Is 2 a factor of 59?
False
Is 96 a factor of 37420?
False
Is 347 a multiple of 7?
False
Does 3 divide 1552?
False
Is 5548 a multiple of 12?
False
Is 9 a factor of 5904?
True
Is 128304 a multiple of 36?
True
Is 2030 a multiple of 36?
False
Is 954 a multiple of 6?
True
Does 31 divide 248?
True
Does 10 divide 23509?
False
Is 24 a factor of 3711?
False
Is 15455 a multiple of 55?
True
Is 4628 a multiple of 13?
True
Is 5738 a multiple of 198?
False
Is 22 a factor of 74?
False
Is 3537 a multiple of 9?
True
Is 27 a factor of 2241?
True
Is 33754 a multiple of 33?
False
Is 104 a factor of 416?
True
Is 1672 a multiple of 40?
False
Is 15 a factor of 7770?
True
Is 36 a factor of 75240?
True
Does 9 divide 2325?
False
Is 2592 a multiple of 22?
False
Is 1890 a multiple of 21?
True
Is 25 a factor of 900?
True
Does 102 divide 7038?
True
Is 102 a factor of 14790?
True
Is 3916 a multiple of 44?
True
Is 18 a factor of 16632?
True
Is 1254 a multiple of 38?
True
Is 54 a factor of 1890?
True
Is 21 a factor of 10122?
True
Is 7 a factor of 1597?
False
Is 55 a multiple of 2?
False
Does 31 divide 806?
True
Does 451 divide 58114?
False
Is 19922 a multiple of 14?
True
Does 14 divide 573?
False
Is 22513 a multiple of 12?
False
Is 702 a multiple of 8?
False
Is 55 a multiple of 3?
False
Is 10 a factor of 795?
False
Does 8 divide 7048?
True
Is 4 a factor of 1384?
True
Is 6 a factor of 156?
True
Does 93 divide 24922?
False
Does 6 divide 6579?
False
Does 6 divide 22026?
True
Is 2100 a multiple of 100?
True
Is 185 a multiple of 72?
False
Is 34585 a multiple of 4?
False
Is 26 a factor of 468?
True
Is 30 a factor of 10860?
True
Is 1488 a multiple of 2?
True
Is 875 a multiple of 25?
True
Is 184 a factor of 17664?
True
Does 13 divide 1176?
False
Does 13 divide 66027?
True
Is 68 a factor of 330?
False
Is 457 a multiple of 8?
False
Is 9 a factor of 2403?
True
Is 712 a multiple of 20?
False
Does 60 divide 1827?
False
Is 13937 a multiple of 7?
True
Is 15028 a multiple of 17?
True
Is 7455 a multiple of 15?
True
Does 5 divide 120?
True
Is 2 a factor of 66?
True
Is 154 a factor of 6160?
True
Does 44 divide 4670?
False
Is 55 a factor of 1485?
True
Is 12 a factor of 180?
True
Does 16 divide 1316?
False
Is 203 a factor of 31668?
True
Does 74 divide 665?
False
Does 105 divide 1274?
False
Does 71 divide 5680?
True
Is 329 a multiple of 46?
False
Is 51 a factor of 5373?
False
Is 23562 a multiple of 99?
True
Does 12 divide 1273?
False
Is 28 a factor of 175?
False
Does 17 divide 646?
True
Is 104 a multiple of 26?
True
Is 92 a factor of 31682?
False
Is 781 a multiple of 24?
False
Is 18 a factor of 9042?
False
Is 893 a multiple of 29?
False
Is 270 a multiple of 27?
True
Is 82 a factor of 2132?
True
Is 30690 a multiple of 30?
True
Is 4 a factor of 629?
False
Is 15 a factor of 1215?
True
Does 23 divide 667?
True
Does 71 divide 771?
False
Is 2353 a multiple of 3?
False
Does 14 divide 7809?
False
Does 14 divide 4480?
True
Is 4539 even?
False
Is 3168 a multiple of 44?
True
Is 32 a multiple of 16?
True
Is 7 a factor of 1030?
False
Is 3500 a multiple of 25?
True
Does 71 divide 20684?
False
Does 8 divide 1432?
True
Is 11 a factor of 906?
False
Is 7 a factor of 1538?
False
Is 5250 a multiple of 7?
True
Does 36 divide 19908?
True
Is 1948 a multiple of 4?
True
Is 272 a multiple of 17?
True
Is 336 a multiple of 63?
False
Is 13 a factor of 11183?
False
Is 209 a multiple of 11?
True
Is 12 a factor of 2023?
False
Is 17 a factor of 3158?
False
Is 6 a factor of 142?
False
Is 1715 a multiple of 35?
True
Does 13 divide 14712?
False
Does 42 divide 706?
False
Is 323 a factor of 646?
True
Is 5998 a multiple of 53?
False
Is 11496 a multiple of 70?
False
Is 258 a multiple of 6?
True
Is 45 a factor of 2385?
True
Does 55 divide 2640?
True
Is 340 a multiple of 20?
True
Is 20 a factor of 65500?
True
Is 837 a multiple of 6?
False
Is 9937 a multiple of 23?
False
Is 119 a factor of 96866?
True
Does 8 divide 824?
True
Does 20 divide 4877?
False
Does 12 divide 86380?
False
Does 20 divide 75660?
True
Is 205 a factor of 67855?
True
Does 2 divide 1115?
False
Is 35 a factor of 1182?
False
Does 3 divide 758?
False
Is 65 a multiple of 2?
False
Is 8600 a multiple of 86?
True
Does 34 divide 18836?
True
Is 13 a factor of 1287?
True
Does 26 divide 657?
False
Does 91 divide 19838?
True
Is 38537 a multiple of 80?
False
Is 2030 a multiple of 17?
False
Is 21